b(-3). Calculate the greatest common factor of j and g.
9
Let u be (354/(-12) - -4)*(-20)/6. Let c = -10 - -14. Suppose 173 = 4*y - c*r + 33, 4*r = 2*y - 72. Calculate the greatest common factor of y and u.
17
Suppose 4*n + 121 = 153. Let o(d) = d**3 - 7*d**2 - 2*d - 16. Let j be o(n). Calculate the highest common divisor of j and 96.
32
Let f(x) = 3*x + 15. Let l be f(10). Let w = 91 - 61. Calculate the greatest common factor of w and l.
15
Suppose 0 = -3*z - 0*z - i + 3, 5*z = -3*i + 5. Let h(n) = 0 - 3 - z + n**2 - 13*n. Let u be h(14). Calculate the greatest common factor of u and 40.
10
Let u be (-9384)/(-32) + 3 - (-3)/4. What is the highest common factor of u and 27?
27
Suppose -63*p = -66*p + 66. What is the greatest common divisor of p and 209?
11
Let q be 2 + (639/18)/((-1)/2). Let c be -1 + 12/8 - q/6. Calculate the highest common divisor of c and 108.
12
Suppose 0 = -q - 24*q + 225. What is the greatest common factor of q and 81?
9
Let f = 572 - 30. What is the highest common factor of f and 2?
2
Suppose -y - 3*r + 120 = 0, -y + 220 = y + r. Let x(s) = 26*s**3 + 3*s**2 - 2*s. Let n be x(1). Calculate the greatest common factor of y and n.
27
Let p be 4/(-16) - (-219)/12. Let f be (-1360)/51*36*3/(-10). What is the greatest common divisor of p and f?
18
Let o be (-3)/2*(1 - 13). Suppose 4*t - 38 + 62 = 2*h, h = 3*t + 12. What is the highest common divisor of o and h?
6
Suppose -27 = -14*w + 11*w. Let n(d) = d**2 + 5*d - 7. Let p be n(-6). Let o = p + 2. Calculate the highest common divisor of o and w.
1
Suppose -4*m = 3*m + 567. Let f = 29 - m. Let h = f + -30. Calculate the greatest common divisor of h and 32.
16
Suppose 0 = -19*y + 8*y + 297. Suppose y = 3*a + 4*j, -5*a - 5 = j - 50. What is the greatest common divisor of 36 and a?
9
Let n(z) = -z + 1. Let w be n(0). Let f = 6 - w. Let o = -12139 - -12140. What is the greatest common factor of f and o?
1
Let j be (44/3)/((-2)/(-27)). Suppose 558 = 5*n + j. Let t(y) = -y**3 + y**2. Let r be t(-3). Calculate the greatest common factor of n and r.
36
Suppose -9*w - 11 = 376. Let j = w - -134. Suppose -2*z = -3*t - 0*t - 29, 0 = 2*z + t - 25. Calculate the highest common factor of z and j.
13
Let h = 82 + -58. Calculate the highest common divisor of h and 40.
8
Let q(w) = -3*w - 11. Let l be (-4)/(-18) + (-141)/27. Let n be q(l). Suppose -n*j = -2*j - 572. What is the highest common divisor of j and 26?
26
Let b = -355 - -1026. What is the highest common divisor of 11 and b?
11
Let z be (-9)/2*24/(-9). Let w be 5/((-15)/z)*-1. Let y(s) = 15*s**2 - 2*s - 1. Let p be y(-1). Calculate the greatest common factor of p and w.
4
Suppose -2*y = -3*c + 74, 3*c + 3*y + 27 = 96. Calculate the greatest common divisor of c and 78.
6
Let o be 5/2*984/10. Calculate the greatest common factor of 6 and o.
6
Let u = -995 + 1881. Let n be 62/12 - 2/12. Suppose -n*v + 2*k + u = 0, 5*k + 1165 = 5*v + 270. What is the highest common divisor of v and 22?
22
Let d = 200 + -134. Calculate the highest common divisor of d and 12.
6
Let p = -17 - -20. Suppose -71 = -p*t - 4*d + 38, 3*t = d + 104. Let o = 32 - 27. Calculate the highest common factor of t and o.
5
Suppose -83 = 80*j - 81*j + 4*a, 0 = 5*a + 25. What is the greatest common factor of 609 and j?
21
Let u be 1*3*3 - 1. Suppose q - 7 = 4*i + 17, 4*i = -q + 40. What is the highest common factor of q and u?
8
Suppose 0 = 33*u - 7780 - 5948. Calculate the greatest common factor of u and 39.
13
Suppose -36*v = -26*v - 410. Calculate the greatest common divisor of 164 and v.
41
Suppose k - 725 = -4*k. What is the greatest common divisor of 29 and k?
29
Let u = 44 + -35. Let c(q) = q**3 - 7*q**2 + 3*q - 21. Let r be c(u). What is the greatest common divisor of r and 24?
24
Suppose -3*h - 46 + 175 = 0. Suppose 4*a - 4*q - 44 = 0, 0 = -a + 6*a - q - h. Suppose -4*y - 28 = -92. Calculate the greatest common divisor of y and a.
8
Suppose 4*t = 3*z - 80, -2*t + 49 = -4*z + 169. Suppose -5*o = -4*l + 305, 3*l + 5*o = -0*l + 255. Calculate the highest common factor of l and z.
16
Let s = 361 + -185. Let m be (-8)/12 + (-22)/3. Let b = m - -24. What is the greatest common divisor of b and s?
16
Let x = 1499 + -1479. Calculate the greatest common divisor of x and 35.
5
Suppose 0 = b - 6 - 0. Let y be (-1)/(0 + (-2)/b). Suppose -5*o + 12 = -o. Calculate the greatest common factor of y and o.
3
Let m be -3*(-8)/12*4. Suppose m = -4*b, -o - 4*o + 4*b = -323. What is the greatest common divisor of 21 and o?
21
Let j(k) = k**2 - 23*k + 172. Let y be j(20). Calculate the highest common divisor of 1064 and y.
56
Suppose 212*x = 207*x + 280. Calculate the highest common factor of x and 392.
56
Suppose 8 = 2*d, 4*r - 2 = 2*d + 70. Let b(a) = -a**2 + 18*a - 50. Let t be b(5). Calculate the greatest common factor of r and t.
5
Suppose 58 + 454 = 16*x. What is the greatest common divisor of x and 272?
16
Suppose -g = -3*g + 300. Let q = g + -1392. Let l be q/(-12)*(-2)/(-1). What is the highest common factor of 23 and l?
23
Let m be 2 - (573/(-18) + (-4)/24). Suppose c = m - 8. What is the highest common divisor of c and 208?
26
Let t be 77 + -1 - 3 - (4 - 1). Suppose 0 = 11*j + 141 - 2066. What is the highest common factor of t and j?
35
Let t = -141 + 50. Let w = -47 - t. What is the highest common divisor of 33 and w?
11
Suppose -50*k = 12*k - 1984. Calculate the highest common divisor of k and 32.
32
Let m(l) = -3*l**2 - 6*l + 19. Let f(d) = -d**2 + d + 1. Let c(j) = -4*f(j) + m(j). Let k be c(9). Calculate the highest common factor of 6 and k.
6
Let l(k) = k**3 - 6*k**2 + 24*k - 70. Let w be l(6). Calculate the greatest common factor of w and 259.
37
Suppose -592 - 1844 = -29*z. What is the highest common factor of 1428 and z?
84
Suppose s - z = 338, 4*s + 3*z - 604 = 748. Calculate the greatest common divisor of s and 26.
26
Let j be (-29896)/(-84) - 2/(-21). Calculate the greatest common factor of 4 and j.
4
Let q be (1/2)/(5/20). Let b(x) = 3*x + 27 + x**q - 6*x - x**3 + 2*x + 3*x. Let t be b(0). Calculate the greatest common factor of 3 and t.
3
Let x be (-2)/(7/(-3) + 3). Let z be ((-8)/x)/((-2)/(-90)). Suppose 0 = -6*q + q + z. Calculate the highest common factor of q and 24.
24
Let c(r) = -r**3 + 24*r**2 - 26*r - 43. Let w be c(20). Calculate the highest common factor of w and 61.
61
Let j be (0 - 3)*(-62400)/288. Calculate the greatest common factor of j and 13.
13
Let o = -966 + 1043. Calculate the highest common factor of 7 and o.
7
Suppose -3*d = z - d - 80, -3*d - 361 = -5*z. What is the greatest common divisor of 333 and z?
37
Suppose 3*s - 28 = -2*a, -a = -6 + 10. What is the greatest common divisor of s and 60?
12
Let h(j) = j**3 - 14*j**2 + 19*j - 40. Let a be h(12). Let d = a - -103. Calculate the greatest common factor of d and 15.
3
Suppose -4*z + 2*k + 14 = 0, 4*k + 3 = 3*z + 5. Let v be (5 - 1)*(-87)/(-4). Let c = v + -39. Calculate the greatest common divisor of c and z.
6
Let n = 4632 - -538. Calculate the highest common factor of n and 110.
110
Let x be -12*((6 - 8) + -5). Calculate the highest common divisor of 840 and x.
84
Let s(a) = -35*a - 5. Let v be s(-4). Suppose -5*z + 3*t = -141, -z + 5*t + 23 = -14. Suppose 4*n = 87 - z. Calculate the greatest common factor of v and n.
15
Suppose 21 = 8*p - 3. Suppose -3*k - 2*j = -0*j - 111, p*k + j - 108 = 0. What is the highest common divisor of 5 and k?
5
Let n = -25 - -15. Let t be (-2)/n + 222/15. Suppose 629*s = -4*c + 626*s + 642, 6 = -s. Calculate the highest common divisor of t and c.
15
Let a be (((-6)/4)/(-1))/(3/(-102)). Let i = 56 + a. Calculate the greatest common factor of i and 10.
5
Let k(a) = 14*a + 17. Let t be k(-13). Let n be 3*10/t + (-114)/(-22). Let r = 21 - 1. What is the greatest common divisor of r and n?
5
Let z = -1042 + 1783. What is the greatest common factor of 39 and z?
39
Let s(i) = -i**2 - 37*i - 202. Let j be s(-29). What is the greatest common factor of 18 and j?
6
Let m = 1407 + -1387. Let y be (-7216)/(-72) + (-4)/18. What is the highest common divisor of y and m?
20
Suppose -p + 30 = 2*p. Let o = p - 10. Suppose o*q = -3*q + 99. What is the greatest common factor of q and 330?
33
Let a(c) = -2*c**2 + 52*c - 66. Let j be a(21). What is the greatest common divisor